{"id":668,"date":"2020-04-21T15:41:17","date_gmt":"2020-04-21T13:41:17","guid":{"rendered":"http:\/\/dentiste-ophain.be\/?page_id=2"},"modified":"2020-10-24T18:29:46","modified_gmt":"2020-10-24T16:29:46","slug":"page-d-exemple-2","status":"publish","type":"page","link":"https:\/\/cabinetdupesage.be\/index.php\/page-d-exemple-2\/","title":{"rendered":"Les soins"},"content":{"rendered":"\n<div class=\"wp-block-columns is-layout-flex wp-container-core-columns-is-layout-9d6595d7 wp-block-columns-is-layout-flex\">\n<div class=\"wp-block-column is-layout-flow wp-block-column-is-layout-flow\">\n<figure class=\"wp-block-image size-large\"><a href=\"https:\/\/cabinetdupesage.be\/index.php\/dentisterie-generale\/\"><img loading=\"lazy\" decoding=\"async\" width=\"317\" height=\"238\" src=\"http:\/\/cabinetdupesage.be\/wp-content\/uploads\/2020\/04\/cabinet-du-pesage-cedric-micheli-dentiste-ixelles-dentisterie-generale-vignette-u11445-fr.jpg\" alt=\"\" class=\"wp-image-849\" srcset=\"https:\/\/cabinetdupesage.be\/wp-content\/uploads\/2020\/04\/cabinet-du-pesage-cedric-micheli-dentiste-ixelles-dentisterie-generale-vignette-u11445-fr.jpg 317w, https:\/\/cabinetdupesage.be\/wp-content\/uploads\/2020\/04\/cabinet-du-pesage-cedric-micheli-dentiste-ixelles-dentisterie-generale-vignette-u11445-fr-300x225.jpg 300w\" sizes=\"auto, (max-width: 317px) 100vw, 317px\" \/><\/a><\/figure>\n\n\n\n<p>DENTISTERIE G\u00c9N\u00c9RALE<\/p>\n\n\n\n<p>Examen dentaire, D\u00e9tartrage, Caries, Proth\u00e8ses, Couronnes. <\/p>\n\n\n\n<figure class=\"wp-block-image size-large\"><a href=\"https:\/\/cabinetdupesage.be\/index.php\/technologie-cerec\/\"><img loading=\"lazy\" decoding=\"async\" width=\"317\" height=\"238\" src=\"http:\/\/cabinetdupesage.be\/cabinetdupesage\/wp-content\/uploads\/2020\/04\/cabinet-du-pesage-cedric-micheli-dentiste-ixelles-cerec-vignette-u3804-fr.jpg\" alt=\"\" class=\"wp-image-242\" srcset=\"https:\/\/cabinetdupesage.be\/wp-content\/uploads\/2020\/04\/cabinet-du-pesage-cedric-micheli-dentiste-ixelles-cerec-vignette-u3804-fr.jpg 317w, https:\/\/cabinetdupesage.be\/wp-content\/uploads\/2020\/04\/cabinet-du-pesage-cedric-micheli-dentiste-ixelles-cerec-vignette-u3804-fr-300x225.jpg 300w\" sizes=\"auto, (max-width: 317px) 100vw, 317px\" \/><\/a><\/figure>\n\n\n\n<p>TECHNOLOGIE CEREC<\/p>\n\n\n\n<p>Restaurations tout c\u00e9ramique en une seule s\u00e9ance<\/p>\n\n\n\n<figure class=\"wp-block-image size-large\"><a href=\"https:\/\/cabinetdupesage.be\/index.php\/orthodontie-invisible\/\"><img loading=\"lazy\" decoding=\"async\" width=\"358\" height=\"238\" src=\"http:\/\/cabinetdupesage.be\/cabinetdupesage\/wp-content\/uploads\/2020\/04\/invisalign-u4430-fr_2x-e1588196592503.jpg\" alt=\"orthodontie invisible goutti\u00e8res ixelles bruxelles\" class=\"wp-image-115\" srcset=\"https:\/\/cabinetdupesage.be\/wp-content\/uploads\/2020\/04\/invisalign-u4430-fr_2x-e1588196592503.jpg 358w, https:\/\/cabinetdupesage.be\/wp-content\/uploads\/2020\/04\/invisalign-u4430-fr_2x-e1588196592503-300x199.jpg 300w\" sizes=\"auto, (max-width: 358px) 100vw, 358px\" \/><\/a><\/figure>\n\n\n\n<p>ORTHODONTIE INVISIBLE<\/p>\n\n\n\n<p>Goutti\u00e8res transparentes pour adultes<\/p>\n\n\n\n<figure class=\"wp-block-image size-large\"><a href=\"https:\/\/cabinetdupesage.be\/index.php\/imagerie-3d-par-cone-beam\/\"><img loading=\"lazy\" decoding=\"async\" width=\"317\" height=\"238\" src=\"http:\/\/cabinetdupesage.be\/cabinetdupesage\/wp-content\/uploads\/2020\/04\/cabinet-du-pesage-cedric-micheli-dentiste-ixelles-cone-beam-bc-vignette-u3806-fr.jpg\" alt=\"imagerie 3D dentiste cbct c\u00f4ne beam scanner\" class=\"wp-image-832\" srcset=\"https:\/\/cabinetdupesage.be\/wp-content\/uploads\/2020\/04\/cabinet-du-pesage-cedric-micheli-dentiste-ixelles-cone-beam-bc-vignette-u3806-fr.jpg 317w, https:\/\/cabinetdupesage.be\/wp-content\/uploads\/2020\/04\/cabinet-du-pesage-cedric-micheli-dentiste-ixelles-cone-beam-bc-vignette-u3806-fr-300x225.jpg 300w\" sizes=\"auto, (max-width: 317px) 100vw, 317px\" \/><\/a><\/figure>\n\n\n\n<p>IMAGERIE 3D &#8211; C\u00d4NE BEAM<\/p>\n<\/div>\n\n\n\n<div class=\"wp-block-column is-layout-flow wp-block-column-is-layout-flow\">\n<figure class=\"wp-block-image size-large\"><a href=\"https:\/\/cabinetdupesage.be\/index.php\/implantologie\/\"><img loading=\"lazy\" decoding=\"async\" width=\"317\" height=\"238\" src=\"http:\/\/cabinetdupesage.be\/wp-content\/uploads\/2020\/04\/cabinet-du-pesage-dentiste-cedric-micheli-implant-u11453-fr.jpg\" alt=\"\" class=\"wp-image-859\" srcset=\"https:\/\/cabinetdupesage.be\/wp-content\/uploads\/2020\/04\/cabinet-du-pesage-dentiste-cedric-micheli-implant-u11453-fr.jpg 317w, https:\/\/cabinetdupesage.be\/wp-content\/uploads\/2020\/04\/cabinet-du-pesage-dentiste-cedric-micheli-implant-u11453-fr-300x225.jpg 300w\" sizes=\"auto, (max-width: 317px) 100vw, 317px\" \/><\/a><\/figure>\n\n\n\n<p>IMPLANTOLOGIE<\/p>\n\n\n\n<p>Remplacement de dent(s) manquante(s)<\/p>\n\n\n\n<figure class=\"wp-block-image size-large\"><a href=\"https:\/\/cabinetdupesage.be\/index.php\/prevention-dentaire\/\"><img loading=\"lazy\" decoding=\"async\" width=\"317\" height=\"238\" src=\"http:\/\/cabinetdupesage.be\/cabinetdupesage\/wp-content\/uploads\/2020\/04\/cabinet-du-pesage-cedric-micheli-dentiste-ixelles-prevention-dentaire-vignette-u3820-fr.jpg\" alt=\"pr\u00e9vention dentaire\" class=\"wp-image-262\" srcset=\"https:\/\/cabinetdupesage.be\/wp-content\/uploads\/2020\/04\/cabinet-du-pesage-cedric-micheli-dentiste-ixelles-prevention-dentaire-vignette-u3820-fr.jpg 317w, https:\/\/cabinetdupesage.be\/wp-content\/uploads\/2020\/04\/cabinet-du-pesage-cedric-micheli-dentiste-ixelles-prevention-dentaire-vignette-u3820-fr-300x225.jpg 300w\" sizes=\"auto, (max-width: 317px) 100vw, 317px\" \/><\/a><\/figure>\n\n\n\n<p>PR\u00c9VENTION DENTAIRE<\/p>\n\n\n\n<p>Instructions au brossage-Scellement des fissures<\/p>\n\n\n\n<figure class=\"wp-block-image size-large\"><a href=\"https:\/\/cabinetdupesage.be\/index.php\/laser-dentaire\/\"><img loading=\"lazy\" decoding=\"async\" width=\"317\" height=\"218\" src=\"https:\/\/dentiste-ophain.be\/wp-content\/uploads\/2020\/04\/laser-dentaire-1.jpg\" alt=\"\" class=\"wp-image-475\" srcset=\"https:\/\/cabinetdupesage.be\/wp-content\/uploads\/2020\/04\/laser-dentaire-1.jpg 317w, https:\/\/cabinetdupesage.be\/wp-content\/uploads\/2020\/04\/laser-dentaire-1-300x206.jpg 300w\" sizes=\"auto, (max-width: 317px) 100vw, 317px\" \/><\/a><\/figure>\n\n\n\n<p>DENTISTERIE LASER ASSISTEE<\/p>\n<\/div>\n\n\n\n<div class=\"wp-block-column is-layout-flow wp-block-column-is-layout-flow\">\n<figure class=\"wp-block-image size-large\"><a href=\"https:\/\/cabinetdupesage.be\/index.php\/dentisterie-esthetique\/\"><img loading=\"lazy\" decoding=\"async\" width=\"317\" height=\"238\" src=\"http:\/\/cabinetdupesage.be\/cabinetdupesage\/wp-content\/uploads\/2020\/04\/cabinet-du-pesage-cedric-micheli-dentiste-ixelles-dentisterie-esthetique-vignette-u3803-fr.jpg\" alt=\"\" class=\"wp-image-256\" srcset=\"https:\/\/cabinetdupesage.be\/wp-content\/uploads\/2020\/04\/cabinet-du-pesage-cedric-micheli-dentiste-ixelles-dentisterie-esthetique-vignette-u3803-fr.jpg 317w, https:\/\/cabinetdupesage.be\/wp-content\/uploads\/2020\/04\/cabinet-du-pesage-cedric-micheli-dentiste-ixelles-dentisterie-esthetique-vignette-u3803-fr-300x225.jpg 300w\" sizes=\"auto, (max-width: 317px) 100vw, 317px\" \/><\/a><\/figure>\n\n\n\n<p>DENTISTERIE ESTH\u00c9TIQUE<\/p>\n\n\n\n<p>\u00c9claircissement-Facettes-Analyse esth\u00e9tique du sourire<\/p>\n\n\n\n<figure class=\"wp-block-image size-large\"><a href=\"https:\/\/cabinetdupesage.be\/index.php\/parodontologie\/\"><img loading=\"lazy\" decoding=\"async\" width=\"317\" height=\"238\" src=\"http:\/\/cabinetdupesage.be\/cabinetdupesage\/wp-content\/uploads\/2020\/04\/cabinet-du-pesage-cedric-micheli-dentiste-ixelles-parodontologie-vignette-u3805-fr.jpg\" alt=\"\" class=\"wp-image-260\" srcset=\"https:\/\/cabinetdupesage.be\/wp-content\/uploads\/2020\/04\/cabinet-du-pesage-cedric-micheli-dentiste-ixelles-parodontologie-vignette-u3805-fr.jpg 317w, https:\/\/cabinetdupesage.be\/wp-content\/uploads\/2020\/04\/cabinet-du-pesage-cedric-micheli-dentiste-ixelles-parodontologie-vignette-u3805-fr-300x225.jpg 300w\" sizes=\"auto, (max-width: 317px) 100vw, 317px\" \/><\/a><\/figure>\n\n\n\n<p>PARODONTOLOGIE<\/p>\n\n\n\n<p>Sonda parodontal &#8211; Surfa\u00e7age &#8211;                  Greffe d&rsquo;os et de gencive <\/p>\n\n\n\n<figure class=\"wp-block-image size-large\"><a href=\"https:\/\/cabinetdupesage.be\/index.php\/endodontie-sous-microscope\/\"><img loading=\"lazy\" decoding=\"async\" width=\"317\" height=\"238\" src=\"http:\/\/cabinetdupesage.be\/cabinetdupesage\/wp-content\/uploads\/2020\/04\/cabinet-du-pesage-cedric-micheli-dentiste-ixelles-endodontie-vignette-u3796-fr.jpg\" alt=\"microscope dentaire\" class=\"wp-image-851\" srcset=\"https:\/\/cabinetdupesage.be\/wp-content\/uploads\/2020\/04\/cabinet-du-pesage-cedric-micheli-dentiste-ixelles-endodontie-vignette-u3796-fr.jpg 317w, https:\/\/cabinetdupesage.be\/wp-content\/uploads\/2020\/04\/cabinet-du-pesage-cedric-micheli-dentiste-ixelles-endodontie-vignette-u3796-fr-300x225.jpg 300w\" sizes=\"auto, (max-width: 317px) 100vw, 317px\" \/><\/a><\/figure>\n\n\n\n<p>ENDODONTIE sous microscope<\/p>\n\n\n\n<p>Traitement et re-traitement des racines sous microscope op\u00e9ratoire<\/p>\n<\/div>\n<\/div>\n\n\n\n<p><\/p>\n\n\n\n<div style=\"height:100px\" aria-hidden=\"true\" class=\"wp-block-spacer\"><\/div>\n\n\n\n<p class=\"has-vivid-red-color has-text-color\">Page en cours de mise \u00e0 jour &#8230;<\/p>\n","protected":false},"excerpt":{"rendered":"<p>DENTISTERIE G\u00c9N\u00c9RALE Examen dentaire, D\u00e9tartrage, Caries, Proth\u00e8ses, Couronnes. TECHNOLOGIE CEREC Restaurations tout c\u00e9ramique en une seule s\u00e9ance ORTHODONTIE INVISIBLE Goutti\u00e8res [&hellip;]<\/p>\n","protected":false},"author":1,"featured_media":0,"parent":0,"menu_order":0,"comment_status":"closed","ping_status":"open","template":"","meta":{"om_disable_all_campaigns":false,"_lmt_disableupdate":"no","_lmt_disable":"","_monsterinsights_skip_tracking":false,"_monsterinsights_sitenote_active":false,"_monsterinsights_sitenote_note":"","_monsterinsights_sitenote_category":0,"_uf_show_specific_survey":0,"_uf_disable_surveys":false,"footnotes":""},"class_list":["post-668","page","type-page","status-publish","hentry"],"_links":{"self":[{"href":"https:\/\/cabinetdupesage.be\/index.php\/wp-json\/wp\/v2\/pages\/668","targetHints":{"allow":["GET"]}}],"collection":[{"href":"https:\/\/cabinetdupesage.be\/index.php\/wp-json\/wp\/v2\/pages"}],"about":[{"href":"https:\/\/cabinetdupesage.be\/index.php\/wp-json\/wp\/v2\/types\/page"}],"author":[{"embeddable":true,"href":"https:\/\/cabinetdupesage.be\/index.php\/wp-json\/wp\/v2\/users\/1"}],"replies":[{"embeddable":true,"href":"https:\/\/cabinetdupesage.be\/index.php\/wp-json\/wp\/v2\/comments?post=668"}],"version-history":[{"count":19,"href":"https:\/\/cabinetdupesage.be\/index.php\/wp-json\/wp\/v2\/pages\/668\/revisions"}],"predecessor-version":[{"id":1404,"href":"https:\/\/cabinetdupesage.be\/index.php\/wp-json\/wp\/v2\/pages\/668\/revisions\/1404"}],"wp:attachment":[{"href":"https:\/\/cabinetdupesage.be\/index.php\/wp-json\/wp\/v2\/media?parent=668"}],"curies":[{"name":"wp","href":"https:\/\/api.w.org\/{rel}","templated":true}]}}