{"id":591,"date":"2020-04-29T18:24:25","date_gmt":"2020-04-29T16:24:25","guid":{"rendered":"https:\/\/dentiste-ophain.be\/?page_id=591"},"modified":"2024-06-02T23:00:23","modified_gmt":"2024-06-02T21:00:23","slug":"implantologie","status":"publish","type":"page","link":"https:\/\/cabinetdupesage.be\/index.php\/implantologie\/","title":{"rendered":"Implantologie"},"content":{"rendered":"\n<div class=\"wp-block-media-text alignwide is-stacked-on-mobile\"><figure class=\"wp-block-media-text__media\"><img loading=\"lazy\" decoding=\"async\" width=\"278\" height=\"384\" src=\"http:\/\/cabinetdupesage.be\/wp-content\/uploads\/2020\/04\/impl21278x384-1.jpg\" alt=\"\" class=\"wp-image-976\" srcset=\"https:\/\/cabinetdupesage.be\/wp-content\/uploads\/2020\/04\/impl21278x384-1.jpg 278w, https:\/\/cabinetdupesage.be\/wp-content\/uploads\/2020\/04\/impl21278x384-1-217x300.jpg 217w\" sizes=\"auto, (max-width: 278px) 100vw, 278px\" \/><\/figure><div class=\"wp-block-media-text__content\">\n<p>L\u2019implant dentaire permet de remplacer la racine d\u2019une dent, de plusieurs dents ou de toutes les dents<\/p>\n\n\n\n<p>Il est r\u00e9alis\u00e9 en titane ou en Zircone et est plac\u00e9 sous anesth\u00e9sie locale.<\/p>\n\n\n\n<p>Lors de l\u2019\u00e9tude de cas, une radiographie 3D et une empreinte optique sont r\u00e9alis\u00e9es.<\/p>\n\n\n\n<p>L\u2019ensemble des ces informations sont trait\u00e9es via un logiciel qui va permettre d\u2019\u00e9tudier le cas et de simuler le r\u00e9sultat final.<\/p>\n\n\n\n<p>L\u2019implant sera plac\u00e9 via un guide chirurgical permettant de reproduire exactement la planification informatique. Dans ce cas, tout se fait \u00e0 travers le guide chirurgical. Le confort du patient est optimal et il n\u2019y pas de pose et de d\u00e9pose de fils de suture.<\/p>\n\n\n\n<p>Nous pla\u00e7ons les implants des marques Nobel, Straumann, MIS, Leone et Dentsply-Sirona et pla\u00e7ons des travaux proth\u00e9tiques sur ces marques et toutes les autres.<\/p>\n<\/div><\/div>\n\n\n\n<h2 class=\"has-text-align-left wp-block-heading\"><em>Pour une dent<\/em><\/h2>\n\n\n\n<div class=\"wp-block-media-text alignwide is-stacked-on-mobile\"><figure class=\"wp-block-media-text__media\"><img loading=\"lazy\" decoding=\"async\" width=\"288\" height=\"213\" src=\"http:\/\/cabinetdupesage.be\/wp-content\/uploads\/2020\/04\/implant-page-single288x213.jpg\" alt=\"\" class=\"wp-image-102\"\/><\/figure><div class=\"wp-block-media-text__content\">\n<p>L\u2019implant est con\u00e7u pour remplacer la racine manquante et pour servir de support \u00e0 la couronne sur implant.<\/p>\n\n\n\n<p>Il est inutile de meuler les dents voisines saines et donc, leur substance reste intacte.<\/p>\n<\/div><\/div>\n\n\n\n<div style=\"height:100px\" aria-hidden=\"true\" class=\"wp-block-spacer\"><\/div>\n\n\n\n<h2 class=\"has-text-align-left wp-block-heading\"><em>Pour plusieurs dents: le bridge<\/em><\/h2>\n\n\n\n<div class=\"wp-block-media-text alignwide is-stacked-on-mobile\"><figure class=\"wp-block-media-text__media\"><img loading=\"lazy\" decoding=\"async\" width=\"303\" height=\"202\" src=\"http:\/\/cabinetdupesage.be\/wp-content\/uploads\/2020\/04\/nb_000208e_tcm269-33427303x203-2.jpg\" alt=\"\" class=\"wp-image-1008\" srcset=\"https:\/\/cabinetdupesage.be\/wp-content\/uploads\/2020\/04\/nb_000208e_tcm269-33427303x203-2.jpg 303w, https:\/\/cabinetdupesage.be\/wp-content\/uploads\/2020\/04\/nb_000208e_tcm269-33427303x203-2-300x200.jpg 300w\" sizes=\"auto, (max-width: 303px) 100vw, 303px\" \/><\/figure><div class=\"wp-block-media-text__content\">\n<p>Le bridge peut \u00eatre mis en place sur deux implants ou plus. Contrairement au traitement avec un bridge classique, il est inutile de meuler les dents voisines saines.<\/p>\n<\/div><\/div>\n\n\n\n<div style=\"height:100px\" aria-hidden=\"true\" class=\"wp-block-spacer\"><\/div>\n\n\n\n<h2 class=\"has-text-align-left wp-block-heading\"><em>Pour remplacer toutes les dents<\/em><\/h2>\n\n\n\n<p>Il existe plusieurs options de traitement pour remplacer toutes les dents :<\/p>\n\n\n\n<div class=\"wp-block-media-text alignwide is-stacked-on-mobile\"><figure class=\"wp-block-media-text__media\"><img loading=\"lazy\" decoding=\"async\" width=\"284\" height=\"192\" src=\"http:\/\/cabinetdupesage.be\/wp-content\/uploads\/2020\/04\/implant-retained-denture284x193.jpg\" alt=\"\" class=\"wp-image-105\"\/><\/figure><div class=\"wp-block-media-text__content\">\n<p>Une rang\u00e9e de dents est fix\u00e9e par plusieurs implants<\/p>\n<\/div><\/div>\n\n\n\n<div style=\"height:20px\" aria-hidden=\"true\" class=\"wp-block-spacer\"><\/div>\n\n\n\n<div class=\"wp-block-media-text alignwide is-stacked-on-mobile\"><figure class=\"wp-block-media-text__media\"><img loading=\"lazy\" decoding=\"async\" width=\"350\" height=\"264\" src=\"http:\/\/cabinetdupesage.be\/wp-content\/uploads\/2020\/04\/dental-lab-service-quality-portland-or-artisan-dental-laboratory-implantsmilled_bar_locators_nobelreplace_2350x264.jpg\" alt=\"\" class=\"wp-image-304\" srcset=\"https:\/\/cabinetdupesage.be\/wp-content\/uploads\/2020\/04\/dental-lab-service-quality-portland-or-artisan-dental-laboratory-implantsmilled_bar_locators_nobelreplace_2350x264.jpg 350w, https:\/\/cabinetdupesage.be\/wp-content\/uploads\/2020\/04\/dental-lab-service-quality-portland-or-artisan-dental-laboratory-implantsmilled_bar_locators_nobelreplace_2350x264-300x226.jpg 300w\" sizes=\"auto, (max-width: 350px) 100vw, 350px\" \/><\/figure><div class=\"wp-block-media-text__content\">\n<p>Une proth\u00e8se implanto-port\u00e9e amovible est plac\u00e9e sur plusieurs implants<\/p>\n<\/div><\/div>\n","protected":false},"excerpt":{"rendered":"<p>L\u2019implant dentaire permet de remplacer la racine d\u2019une dent, de plusieurs dents ou de toutes les dents Il est r\u00e9alis\u00e9 [&hellip;]<\/p>\n","protected":false},"author":1,"featured_media":0,"parent":0,"menu_order":0,"comment_status":"closed","ping_status":"closed","template":"","meta":{"om_disable_all_campaigns":false,"_lmt_disableupdate":"","_lmt_disable":"","_monsterinsights_skip_tracking":false,"_monsterinsights_sitenote_active":false,"_monsterinsights_sitenote_note":"","_monsterinsights_sitenote_category":0,"_uf_show_specific_survey":0,"_uf_disable_surveys":false,"footnotes":""},"class_list":["post-591","page","type-page","status-publish","hentry"],"_links":{"self":[{"href":"https:\/\/cabinetdupesage.be\/index.php\/wp-json\/wp\/v2\/pages\/591","targetHints":{"allow":["GET"]}}],"collection":[{"href":"https:\/\/cabinetdupesage.be\/index.php\/wp-json\/wp\/v2\/pages"}],"about":[{"href":"https:\/\/cabinetdupesage.be\/index.php\/wp-json\/wp\/v2\/types\/page"}],"author":[{"embeddable":true,"href":"https:\/\/cabinetdupesage.be\/index.php\/wp-json\/wp\/v2\/users\/1"}],"replies":[{"embeddable":true,"href":"https:\/\/cabinetdupesage.be\/index.php\/wp-json\/wp\/v2\/comments?post=591"}],"version-history":[{"count":8,"href":"https:\/\/cabinetdupesage.be\/index.php\/wp-json\/wp\/v2\/pages\/591\/revisions"}],"predecessor-version":[{"id":1234,"href":"https:\/\/cabinetdupesage.be\/index.php\/wp-json\/wp\/v2\/pages\/591\/revisions\/1234"}],"wp:attachment":[{"href":"https:\/\/cabinetdupesage.be\/index.php\/wp-json\/wp\/v2\/media?parent=591"}],"curies":[{"name":"wp","href":"https:\/\/api.w.org\/{rel}","templated":true}]}}